et k be ((-5)/1 + 1 + 4)/(-1). Suppose -3*f - 5*p + 14778 = k, -4*f = -f - 4*p - 14805. Is f composite?
False
Suppose 13 = 2*l + 5. Let q be 4/l*189/3. Let o = -42 + q. Is o prime?
False
Suppose -14*y = -2*y - 67800. Suppose -v + 937 = -y. Is v prime?
False
Is 110974/(-3)*957/(-638) a composite number?
False
Suppose 2*p = 3*g - 6, -14 = 2*g + 4*p - 2. Suppose g = -30*y + 23*y + 609. Is y a prime number?
False
Let h be (9/3)/6*0. Suppose -5*f - 2*m + 62581 = h, 2*m - 18074 = -2*f + 6956. Is f composite?
False
Let t(z) = -z**3 - 5*z**2 + 10*z + 54. Let b be t(-5). Suppose 341 + 71 = b*n - 2*x, -103 = -n + 4*x. Is n prime?
True
Is (((-103746)/(-54))/((-4)/(-84)))/((-2)/(-6)) composite?
True
Let q be (-3)/((-91)/(-14) + -7). Let t(z) = 4*z**3 + 9*z - 4 + 2 + 7*z**3 - 1 - 4*z**2. Is t(q) composite?
True
Let s be (-40936)/(-129) - (-8)/(-6). Suppose 5*h = -4*a + 5465, -2*h - s = -a - 2515. Is h composite?
False
Suppose -33*g - 135 = -28*g. Let z be 98/28*4/7. Is (z/8)/(g/(-36))*753 a composite number?
False
Suppose 5*l - 11780 = 5*z, 3*z - 8*z - 11770 = 5*l. Let h = z + 4529. Is h composite?
True
Let s(v) = 263*v. Let h(p) = 529*p + 1. Let f(j) = 2646*j + 5. Let i(y) = -2*f(y) + 11*h(y). Let g(r) = -3*i(r) + 5*s(r). Is g(-1) composite?
False
Suppose 4 = -j - 0. Let q be j + (-7)/(35/1940). Let a = -169 - q. Is a prime?
True
Let y = -91 + 94. Is y*(-1)/(-6) - (-999)/54 a composite number?
False
Suppose 0 = -42*i - 83 - 253. Is 4 + i - -423 - 0/1 a composite number?
False
Let l(v) = v**2 + 2*v - 2. Let p be l(-2). Let r be 1/(1369/(-685) - p). Let k = -368 + r. Is k a composite number?
False
Let h(u) = 472*u + 17 + 79 - 55*u. Is h(5) a prime number?
False
Suppose 19*q - 2842147 + 605717 = 628143. Is q a prime number?
True
Let u be ((-564)/7)/((-86)/301). Suppose u = b + 5*z, -627 + 2147 = 5*b + 3*z. Is b a composite number?
False
Let s = 41179 - 24260. Is s composite?
True
Suppose 1291*q - 1237*q = 3728862. Is q a prime number?
False
Is 268/402*(-251283)/(-2) a prime number?
True
Suppose 4*c + 11 = 3*f, -4*c - 5*f = -21 - 8. Suppose 8*q + c = 41. Suppose 0 = -q*p + 2152 - 477. Is p composite?
True
Let q(n) = 25 - 499*n - 40*n - 149*n + 82*n. Is q(-1) prime?
True
Let d(r) be the third derivative of r**6/3 - r**5/10 + 7*r**4/12 - 7*r**3/6 + 44*r**2 - 2. Is d(6) a prime number?
True
Suppose -22*t + 84869 + 24436 = -195681. Is t composite?
True
Suppose 5*t = 4*d - 24, d + t - 6 = -0*t. Is 4511 - 0/(-7 + d) a composite number?
True
Let h(d) = 4*d**2 - 68*d + 15. Let p be h(-28). Is (112/(-24))/((-10)/p) composite?
True
Let x(b) = 151*b**2 + 19*b - 69. Suppose 6*l - 4*l = -o + 11, 0 = -3*l + 4*o + 33. Is x(l) a composite number?
True
Let c(t) be the first derivative of 38*t**3/3 - 13*t**2/2 + 7*t + 55. Is c(10) composite?
False
Let p(y) = -2*y + 4. Let l be p(0). Is -7*(l + -87)*(-4)/(-14) a prime number?
False
Let l = 97787 + -61168. Is l composite?
True
Let h(m) = 6*m**2 + 21*m + 45. Let j be h(-37). Let r = j + -4925. Is r composite?
False
Is (564/36 + -16)*-1422039 composite?
True
Suppose 2*o - 4*l = 6, 3*l = -2*o + 5*l. Let r be (o/(-6))/(1/34). Suppose -r*t + 21*t = 5348. Is t prime?
False
Let u = 597480 + -74077. Is u prime?
True
Let w = 112 - 31. Let u = -86 + w. Is (-37790)/(-16) - u/40 a composite number?
True
Let f(g) = -7*g - 82. Let m be f(-10). Let z be (m/18)/(1/(-3)). Suppose -3*d + 2713 = -z*w + 3*w, d = -5*w + 895. Is d a prime number?
False
Let y(g) = -4788*g + 206. Let i be y(-6). Suppose 3*f + 48715 = 5*m, -f = -5*m + 19781 + i. Is m a prime number?
True
Let r(l) = -l**2 - 3*l - 8. Let k be r(-6). Let h = k + 26. Let m(s) = -3*s + 541. Is m(h) composite?
False
Suppose -872*q - 9028 = -871*q - 350637. Is q composite?
True
Let s be 1/(-6) + (-58)/12. Suppose 0 = -674*k + 663*k - 132. Is (-9 - s) + k/(-3) - -493 a composite number?
True
Suppose 29*l - 32*l + 15 = 0. Suppose -1195 - 195 = 2*x + j, 3*x + l*j = -2099. Let d = 2040 + x. Is d prime?
False
Let a = -105 - -75. Let v = a - -24. Is (5034/(-9))/(4/v) prime?
True
Let t(j) = j**2 - 25*j - 3. Suppose 3*z - 73 + 13 = 4*n, 2*n = 5*z - 16. Is t(n) composite?
True
Suppose 4*d + 113433 = a, 433*d = 428*d - 20. Is a a prime number?
True
Let u = 161107 + 166750. Is u prime?
False
Let x = -131209 - -424796. Is x composite?
True
Let b(w) = -142*w**3 - 4*w**2 + 10*w + 25. Is b(-3) a composite number?
False
Let t be -1 - -1 - 32/8 - -1. Let r(l) = -103*l**3 - l**2 + 7*l + 6. Is r(t) a prime number?
False
Suppose -5*f + 5*y + 11 = 1, 3*f + y = 6. Let n(r) = -517*r - 27. Let p(v) = -520*v - 21. Let d(a) = 3*n(a) - 4*p(a). Is d(f) prime?
True
Let z be 3 + (-15)/(-9) + 8/(-12). Suppose z*y - 109 = 155. Suppose 0 = b - y - 91. Is b a prime number?
True
Let m(v) = v**3 + 11*v**2 - 4*v - 22. Let a be m(-11). Let y = a - 22. Suppose y = -8*j + 1473 + 1159. Is j a prime number?
False
Suppose 85 = q - 2*g, 5*q - 8*g = -11*g + 477. Let c = 347 - q. Is c prime?
False
Let i(l) = -7 + 0 - 22*l + 11 + 13. Let d = 14 - 19. Is i(d) a composite number?
False
Let h(r) be the first derivative of -10305*r**2/2 - 8*r + 69. Is h(-1) a prime number?
False
Let o = -78275 - -371149. Is o a composite number?
True
Is (11 - -276665) + -7 + (-2 - -4) a composite number?
False
Suppose -3*i - 3 = 4*j - 7, -2*i + 1 = 3*j. Suppose 3*y + 5 = i. Is (-4)/(-4)*y*2515 composite?
True
Let u be (17 + -24)*(-24)/14. Let v(s) = 122*s**2 - 12*s - 7. Is v(u) a prime number?
True
Suppose -5*t + 9103 = 4*o, t = 3*t - 2*o - 3652. Is t composite?
False
Let r = 326 - 322. Suppose -98632 = -4*c + r*n, 9*c = 10*c + 3*n - 24646. Is c composite?
True
Suppose -2*k = -3*a + 4201, 72*a - 73*a + k + 1401 = 0. Is a a composite number?
False
Suppose 5*h = 2*a + 175143, -3*h + 5*a + 34482 = -70600. Is h a composite number?
True
Let w(n) = -81*n**3 + 2*n**2 + 4*n - 5. Let x be (190/(-360) - 4/18)*4. Let o be w(x). Let k = -1299 + o. Is k prime?
False
Suppose -5*r + 44081 = 3*h - 53183, 4*h = 5*r - 97243. Is r prime?
False
Let h = 66334 + 21139. Is h a composite number?
False
Let d(o) = 19570*o - 5. Let w be d(2). Suppose -2*g = 13*g - w. Is g prime?
True
Suppose -38 = -9*m - 11. Suppose -c = -2*l + 4*c + 10, 0 = 3*l + m*c + 6. Suppose l = 4*y - 3*g + 4*g - 2207, -1654 = -3*y - g. Is y prime?
False
Let t be (-89)/(1 + 4 + 8/(-2)). Let k = -86 - t. Suppose x - 288 = -2*j, 4*j + k*x = -2*x + 582. Is j composite?
True
Let u(g) = g**3 + 9*g**2 + 7*g + 10. Let m be u(-8). Suppose 2*q = -r + m, 7*q = 3*q + 16. Suppose b - r = 69. Is b composite?
False
Let f = 2 + 0. Let q be 8/44*11 - -3. Suppose f*a + q*m = 76, -a + 2*m - m + 45 = 0. Is a a composite number?
False
Let o(p) = 56*p**2 + 13*p - 8. Let t be o(16). Let u = t + -5490. Is u a composite number?
True
Suppose m - 330815 = 5*i + 420632, 2*i - 751447 = -m. Is m prime?
True
Let g be 1 - ((-1874)/3)/((-28)/(-126)). Let v be 2/(-8) + 66/8. Suppose g = 4*u + 4*x, -6*x + v = -2*x. Is u a composite number?
False
Let c = -25 + 27. Let o = c + 5. Suppose 1565 = -o*i + 4330. Is i a prime number?
False
Let t(r) be the second derivative of -r**3/2 - 8*r**2 + 14*r. Let b be t(14). Is 87/b*6172/(-6) a composite number?
False
Let v(j) = -9384*j**3 - 2*j**2 - 6*j - 5. Suppose -6*r = 26 - 20. Is v(r) prime?
False
Let a be (-3 + 5 - 0)*(-10)/(-4). Suppose 3*w - 6424 = -a*f + 2474, -8922 = -3*w + 3*f. Is w a composite number?
False
Let z be 9 - (-6)/(-9)*6 - 2. Suppose 8 - 36 = -p - z*b, b + 16 = p. Is p a prime number?
True
Let l be ((-8)/(-10))/((-2)/10). Let i be (8 - 10)*l/(-2). Is (-325)/(-15) + i/(-12) composite?
True
Let w be (-8 - -2)/(-6*(-6)/(-29184)). Let n = w - 3207. Is n a prime number?
True
Let z(r) = 8452*r**3 + 33*r**2 - 67*r + 1. Is z(2) prime?
False
Suppose -59*s + 57*s - 571124 = -3*u, 3*u + 3*s - 571149 = 0. Is u a prime number?
False
Suppose -4*k + h + 154 = 0, 0 = -5*k - 4*h + 156 + 47. Suppose -k*a + 44466 = -33*a. Is a a prime number?
True
Let a = 2749 + -523. Suppose 0 = -z + 289 + a. Is z a prime number?
False
Let u = 857 - 542. Let i(t) = 6*t**3 + t**2 + 5*t + 4. Let p be i(-3). Let j = u - p. Is j prime?
True
Suppose 52 = -3*n - 5*c, n - 3*c - 24 = 2*n. Is 1 - 8235/n - (-2 + -1) a prime number?
True
Let n be 9944 + (-9)/(63/28). Suppose -n = -3*s + 2807. Is s prime?
False
Suppose 0 = 177*n - 